{"id":1269,"date":"2021-01-05T10:18:38","date_gmt":"2021-01-05T09:18:38","guid":{"rendered":"https:\/\/nirvanaverde.it\/?page_id=1269"},"modified":"2021-01-05T10:38:52","modified_gmt":"2021-01-05T09:38:52","slug":"il-chip-elettronico","status":"publish","type":"page","link":"https:\/\/nirvanaverde.it\/?page_id=1269","title":{"rendered":"Il chip elettronico"},"content":{"rendered":"<p>[et_pb_section fb_built=&#8221;1&#8243; fullwidth=&#8221;on&#8221; _builder_version=&#8221;4.4.3&#8243;][et_pb_fullwidth_header title=&#8221;Lo sport dei boschi&#8221; _builder_version=&#8221;4.4.3&#8243; title_font=&#8221;|700|||||||&#8221; title_text_align=&#8221;left&#8221; title_font_size=&#8221;50px&#8221; title_letter_spacing=&#8221;2px&#8221; content_font=&#8221;|300||on|||||&#8221; content_font_size=&#8221;22px&#8221; subhead_font=&#8221;|300||on|||||&#8221; subhead_font_size=&#8221;22px&#8221; subhead_letter_spacing=&#8221;2px&#8221; subhead_line_height=&#8221;1.3em&#8221; background_color=&#8221;rgba(48,57,71,0.77)&#8221; background_image=&#8221;https:\/\/nirvanaverde.it\/wp-content\/uploads\/2020\/03\/IMG_8724-scaled.jpg&#8221; background_blend=&#8221;soft-light&#8221; custom_button_one=&#8221;on&#8221; button_one_text_size=&#8221;14&#8243; button_one_text_color=&#8221;#ffffff&#8221; button_one_bg_color=&#8221;#eaba88&#8243; button_one_border_color=&#8221;#eaba88&#8243; button_one_letter_spacing=&#8221;2&#8243; button_one_font=&#8221;|||on|||||&#8221; button_one_use_icon=&#8221;off&#8221; custom_button_two=&#8221;on&#8221; button_two_text_size=&#8221;14&#8243; button_two_text_color=&#8221;#ffffff&#8221; button_two_border_color=&#8221;#ffffff&#8221; button_two_letter_spacing=&#8221;2&#8243; button_two_font=&#8221;|||on|||||&#8221; button_two_use_icon=&#8221;off&#8221; custom_padding=&#8221;110px||110px|&#8221; custom_padding_tablet=&#8221;&#8221; custom_padding_phone=&#8221;&#8221; custom_padding_last_edited=&#8221;on|desktop&#8221; button_one_text_color_hover=&#8221;#ffffff&#8221; button_one_border_color_hover=&#8221;#ffffff&#8221; button_two_border_color_hover=&#8221;#eaba88&#8243; button_one_letter_spacing_hover=&#8221;2&#8243; button_two_letter_spacing_hover=&#8221;2&#8243; button_one_bg_color_hover=&#8221;rgba(255,255,255,0)&#8221; button_two_bg_color_hover=&#8221;#eaba88&#8243; button_one_text_size__hover_enabled=&#8221;off&#8221; button_two_text_size__hover_enabled=&#8221;off&#8221; button_one_text_color__hover_enabled=&#8221;on&#8221; button_one_text_color__hover=&#8221;#ffffff&#8221; button_two_text_color__hover_enabled=&#8221;off&#8221; button_one_border_width__hover_enabled=&#8221;off&#8221; button_two_border_width__hover_enabled=&#8221;off&#8221; button_one_border_color__hover_enabled=&#8221;on&#8221; button_one_border_color__hover=&#8221;#ffffff&#8221; button_two_border_color__hover_enabled=&#8221;on&#8221; button_two_border_color__hover=&#8221;#eaba88&#8243; button_one_border_radius__hover_enabled=&#8221;off&#8221; button_two_border_radius__hover_enabled=&#8221;off&#8221; button_one_letter_spacing__hover_enabled=&#8221;on&#8221; button_one_letter_spacing__hover=&#8221;2&#8243; button_two_letter_spacing__hover_enabled=&#8221;on&#8221; button_two_letter_spacing__hover=&#8221;2&#8243; button_one_bg_color__hover_enabled=&#8221;on&#8221; button_one_bg_color__hover=&#8221;rgba(255,255,255,0)&#8221; button_two_bg_color__hover_enabled=&#8221;on&#8221; button_two_bg_color__hover=&#8221;#eaba88&#8243;]<\/p>\n<p>Home \/ <span style=\"color: #82b440;\">L&#8217;ORIENTEERING \/ IL CHIP ELETTRONICO<\/span><\/p>\n<p>[\/et_pb_fullwidth_header][\/et_pb_section][et_pb_section fb_built=&#8221;1&#8243; admin_label=&#8221;Sezione&#8221; module_id=&#8221;our-services&#8221; _builder_version=&#8221;4.4.3&#8243; custom_margin=&#8221;-55px|||||&#8221; locked=&#8221;off&#8221; collapsed=&#8221;off&#8221;][et_pb_row _builder_version=&#8221;4.4.3&#8243; custom_padding=&#8221;||0px|&#8221;][et_pb_column type=&#8221;4_4&#8243; _builder_version=&#8221;3.25&#8243; custom_padding=&#8221;|||&#8221; custom_padding__hover=&#8221;|||&#8221;][et_pb_text _builder_version=&#8221;4.4.3&#8243;]<\/p>\n<h2 class=\"baseline\">Il chip elettronico \/ Si-card<\/h2>\n<p>[\/et_pb_text][\/et_pb_column][\/et_pb_row][\/et_pb_section][et_pb_section fb_built=&#8221;1&#8243; _builder_version=&#8221;3.22&#8243; locked=&#8221;off&#8221; collapsed=&#8221;on&#8221;][et_pb_row _builder_version=&#8221;3.25&#8243; background_size=&#8221;initial&#8221; background_position=&#8221;top_left&#8221; background_repeat=&#8221;repeat&#8221;][et_pb_column type=&#8221;4_4&#8243; _builder_version=&#8221;3.25&#8243; custom_padding=&#8221;|||&#8221; custom_padding__hover=&#8221;|||&#8221;][et_pb_text _builder_version=&#8221;3.27.4&#8243; background_size=&#8221;initial&#8221; background_position=&#8221;top_left&#8221; background_repeat=&#8221;repeat&#8221;]<img loading=\"lazy\" decoding=\"async\" class=\"alignright wp-image-434 size-full\" src=\"https:\/\/nirvanaverde.it\/wp-content\/uploads\/2020\/03\/sicard.jpg\" alt=\"SI Card AIR\" width=\"308\" height=\"164\" srcset=\"https:\/\/nirvanaverde.it\/wp-content\/uploads\/2020\/03\/sicard.jpg 308w, https:\/\/nirvanaverde.it\/wp-content\/uploads\/2020\/03\/sicard-300x160.jpg 300w\" sizes=\"(max-width: 308px) 100vw, 308px\" \/>Per gestire i tempi di gara della quasi totalit\u00e0 delle gare di orienteering, e anche dei <a href=\"https:\/\/www.nirvanaraid.it\/\" target=\"_blank\" rel=\"noopener\">Nirvana Raid<\/a>, viene utilizzato un sistema elettronico che sfrutta la memoria di un microchip. Durante la gara infatti vengono registrati il tempo di partenza, il tempo finale e quelli intermedi tra i vari punti di controllo. Questo sistema permette a fine gara di verificare se l\u2019ordine di passaggio imposto \u00e8 stato rispettato e se sono stati raggiunti tutti i punti previsti.<\/p>\n<p><img loading=\"lazy\" decoding=\"async\" class=\"alignleft wp-image-436 size-full\" src=\"https:\/\/nirvanaverde.it\/wp-content\/uploads\/2020\/03\/punzonare.jpg\" alt=\"Punzonare\" width=\"350\" height=\"525\" srcset=\"https:\/\/nirvanaverde.it\/wp-content\/uploads\/2020\/03\/punzonare.jpg 350w, https:\/\/nirvanaverde.it\/wp-content\/uploads\/2020\/03\/punzonare-200x300.jpg 200w\" sizes=\"(max-width: 350px) 100vw, 350px\" \/>Ad ogni concorrente e ad ogni squadra, prima della partenza, viene fornito un microchip\u00a0(Sport Ident Card). La SI-Card \u00e8 ha un piccolo elastico da mettere su un dito, rendendo il suo utilizzo semplice e veloce.<\/p>\n<p>Durante la procedura di pre-partenza ogni concorrente dovr\u00e0\u00a0<em>\u201cpulire\u201d<\/em>\u00a0la propri a Si-Card in una stazione apposita (CLEAR), questo permetter\u00e0 di cancellare le informazioni memorizzate per la gara precedente. In seguito una seconda stazione (CHECK) verificher\u00e0 che il sistema sia funzionante e pronto.<\/p>\n<p>Un membro dell\u2019organizzazione controller\u00e0 il corretto svolgimento di questo processo.<\/p>\n<p>Durante la gara, il corridore munito di SI-Card, una volta raggiunto il punto di controllo provveder\u00e0 ad inserirla nel piccolo foro presente nella stazione di controllo attivando un led e un segnale acustico di verifica.<\/p>\n<p>Solitamente i punti di controllo sono anche provvisti di un punzone manuale. In caso di malfunzionamento della stazione (assenza del segnale luminoso e\/o segnale acustico), il concorrente dovr\u00e0 punzonare la propria cartina e comunicare il problema all&#8217;arrivo.<\/p>\n<p>Dopo aver raggiunto tutti i punti di controllo e aver registrato il proprio passaggio alla stazione finale (FINISH) il concorrente con SI-Card dovr\u00e0\u00a0<em>\u201cscaricare\u201d<\/em>\u00a0i dati presenti nel chip elettronico e ricever\u00e0 una stampa con i tempi parziali e del tempo totale.<\/p>\n<p><strong>Suggerimento: Per evitare di perdere il chip \u00e8 consigliato legarlo al polso con un piccolo cordino.<img loading=\"lazy\" decoding=\"async\" class=\"aligncenter wp-image-447 size-full\" src=\"https:\/\/nirvanaverde.it\/wp-content\/uploads\/2020\/03\/punzonare-la-lanterna-1.jpg\" alt=\"\" width=\"525\" height=\"350\" srcset=\"https:\/\/nirvanaverde.it\/wp-content\/uploads\/2020\/03\/punzonare-la-lanterna-1.jpg 525w, https:\/\/nirvanaverde.it\/wp-content\/uploads\/2020\/03\/punzonare-la-lanterna-1-480x320.jpg 480w\" sizes=\"(min-width: 0px) and (max-width: 480px) 480px, (min-width: 481px) 525px, 100vw\" \/><\/strong><br \/>\n[\/et_pb_text][\/et_pb_column][\/et_pb_row][\/et_pb_section][et_pb_section fb_built=&#8221;1&#8243; module_id=&#8221;our-services&#8221; _builder_version=&#8221;3.22&#8243; custom_margin=&#8221;-55px|||||&#8221; collapsed=&#8221;on&#8221;][et_pb_row _builder_version=&#8221;4.4.3&#8243; custom_padding=&#8221;||0px|&#8221;][et_pb_column type=&#8221;4_4&#8243; _builder_version=&#8221;3.25&#8243; custom_padding=&#8221;|||&#8221; custom_padding__hover=&#8221;|||&#8221;][et_pb_text _builder_version=&#8221;4.4.3&#8243;]<\/p>\n<h2 class=\"baseline\">Attivit\u00e0 agonistica e non solo<\/h2>\n<p>[\/et_pb_text][\/et_pb_column][\/et_pb_row][et_pb_row column_structure=&#8221;1_3,1_3,1_3&#8243; use_custom_gutter=&#8221;on&#8221; gutter_width=&#8221;2&#8243; _builder_version=&#8221;3.25&#8243;][et_pb_column type=&#8221;1_3&#8243; _builder_version=&#8221;3.25&#8243; background_color=&#8221;#ffffff&#8221; custom_padding=&#8221;|||&#8221; custom_css_main_element=&#8221;box-shadow:0 0 100px #ddd;&#8221; custom_padding__hover=&#8221;|||&#8221;][et_pb_image src=&#8221;https:\/\/nirvanaverde.it\/wp-content\/uploads\/2021\/01\/Iscrizione.jpg&#8221; show_bottom_space=&#8221;off&#8221; align_tablet=&#8221;center&#8221; align_phone=&#8221;&#8221; align_last_edited=&#8221;on|desktop&#8221; _builder_version=&#8221;4.4.3&#8243;][\/et_pb_image][et_pb_text _builder_version=&#8221;4.4.3&#8243; custom_margin=&#8221;||15px|&#8221;]<\/p>\n<h4>Tesseramento 2021<\/h4>\n<h4><span style=\"font-size: 14px; color: #5b606d; font-weight: 500;\">Iscriversi all&#8217;ASD Nirvana Verde \u00e8 semplicissimo e si pu\u00f2 fare anche a distanza. Esistono poi differenti tesseramenti a seconda del tipo di attivit\u00e0 che si vuole fare al seguente link le specifiche<\/span><\/h4>\n<p>[\/et_pb_text][et_pb_button button_url=&#8221;https:\/\/nirvanaverde.it\/2021\/01\/01\/tesseramenti-2021\/&#8221; button_text=&#8221;Tesseramenti 2021&#8243; _builder_version=&#8221;4.4.3&#8243; custom_button=&#8221;on&#8221; button_text_color=&#8221;#ffffff&#8221; button_bg_color=&#8221;#82b440&#8243; background_layout=&#8221;dark&#8221; custom_css_main_element=&#8221;padding:12px 35px!important&#8221; button_text_size__hover_enabled=&#8221;off&#8221; button_one_text_size__hover_enabled=&#8221;off&#8221; button_two_text_size__hover_enabled=&#8221;off&#8221; button_text_color__hover_enabled=&#8221;off&#8221; button_one_text_color__hover_enabled=&#8221;off&#8221; button_two_text_color__hover_enabled=&#8221;off&#8221; button_border_width__hover_enabled=&#8221;off&#8221; button_one_border_width__hover_enabled=&#8221;off&#8221; button_two_border_width__hover_enabled=&#8221;off&#8221; button_border_color__hover_enabled=&#8221;off&#8221; button_one_border_color__hover_enabled=&#8221;off&#8221; button_two_border_color__hover_enabled=&#8221;off&#8221; button_border_radius__hover_enabled=&#8221;off&#8221; button_one_border_radius__hover_enabled=&#8221;off&#8221; button_two_border_radius__hover_enabled=&#8221;off&#8221; button_letter_spacing__hover_enabled=&#8221;off&#8221; button_one_letter_spacing__hover_enabled=&#8221;off&#8221; button_two_letter_spacing__hover_enabled=&#8221;off&#8221; button_bg_color__hover_enabled=&#8221;off&#8221; button_one_bg_color__hover_enabled=&#8221;off&#8221; button_two_bg_color__hover_enabled=&#8221;off&#8221;][\/et_pb_button][\/et_pb_column][et_pb_column type=&#8221;1_3&#8243; _builder_version=&#8221;3.25&#8243; background_color=&#8221;#ffffff&#8221; custom_padding=&#8221;|||&#8221; custom_css_main_element=&#8221;box-shadow:0 0 100px #ddd;&#8221; custom_padding__hover=&#8221;|||&#8221;][et_pb_image src=&#8221;https:\/\/nirvanaverde.it\/wp-content\/uploads\/2021\/01\/Nirvana-Raid.jpg&#8221; show_bottom_space=&#8221;off&#8221; align_tablet=&#8221;center&#8221; align_phone=&#8221;&#8221; align_last_edited=&#8221;on|desktop&#8221; _builder_version=&#8221;4.4.3&#8243;][\/et_pb_image][et_pb_text _builder_version=&#8221;4.4.3&#8243; custom_margin=&#8221;||15px|&#8221;]<\/p>\n<h4>Nirvana Raid<\/h4>\n<p>Fiore all&#8217;occhiello dell&#8217;ASD Nirvana Verde sono i Raid e le gare in autosufficienza che la societ\u00e0 organizza annualmente. Tutte le informazioni sul sito dedicato<\/p>\n<p>[\/et_pb_text][et_pb_button button_url=&#8221;https:\/\/www.nirvanaraid.it\/&#8221; button_text=&#8221;NirvanaRaid.it&#8221; _builder_version=&#8221;4.4.3&#8243; custom_button=&#8221;on&#8221; button_text_color=&#8221;#ffffff&#8221; button_bg_color=&#8221;#82b440&#8243; background_layout=&#8221;dark&#8221; custom_css_main_element=&#8221;padding:12px 35px!important&#8221; button_text_size__hover_enabled=&#8221;off&#8221; button_one_text_size__hover_enabled=&#8221;off&#8221; button_two_text_size__hover_enabled=&#8221;off&#8221; button_text_color__hover_enabled=&#8221;off&#8221; button_one_text_color__hover_enabled=&#8221;off&#8221; button_two_text_color__hover_enabled=&#8221;off&#8221; button_border_width__hover_enabled=&#8221;off&#8221; button_one_border_width__hover_enabled=&#8221;off&#8221; button_two_border_width__hover_enabled=&#8221;off&#8221; button_border_color__hover_enabled=&#8221;off&#8221; button_one_border_color__hover_enabled=&#8221;off&#8221; button_two_border_color__hover_enabled=&#8221;off&#8221; button_border_radius__hover_enabled=&#8221;off&#8221; button_one_border_radius__hover_enabled=&#8221;off&#8221; button_two_border_radius__hover_enabled=&#8221;off&#8221; button_letter_spacing__hover_enabled=&#8221;off&#8221; button_one_letter_spacing__hover_enabled=&#8221;off&#8221; button_two_letter_spacing__hover_enabled=&#8221;off&#8221; button_bg_color__hover_enabled=&#8221;off&#8221; button_one_bg_color__hover_enabled=&#8221;off&#8221; button_two_bg_color__hover_enabled=&#8221;off&#8221;][\/et_pb_button][\/et_pb_column][et_pb_column type=&#8221;1_3&#8243; _builder_version=&#8221;3.25&#8243; background_color=&#8221;#ffffff&#8221; custom_padding=&#8221;|||&#8221; custom_css_main_element=&#8221;box-shadow:0 0 100px #ddd;&#8221; custom_padding__hover=&#8221;|||&#8221;][et_pb_image src=&#8221;https:\/\/nirvanaverde.it\/wp-content\/uploads\/2021\/01\/fiso.jpg&#8221; show_bottom_space=&#8221;off&#8221; align_tablet=&#8221;center&#8221; align_phone=&#8221;&#8221; align_last_edited=&#8221;on|desktop&#8221; _builder_version=&#8221;4.4.3&#8243;][\/et_pb_image][et_pb_text _builder_version=&#8221;4.4.3&#8243; custom_margin=&#8221;||15px|&#8221;]<\/p>\n<h4>Gare FISO<\/h4>\n<h4><span style=\"font-size: 14px; color: #5b606d; font-weight: 500;\">Sul sito della FISO potete trovare tutte le gare in programma sul territorio italiano e organizzate da societ\u00e0 affiliate.<\/span><\/h4>\n<p>[\/et_pb_text][et_pb_button button_url=&#8221;https:\/\/www.fiso.it\/gar_lista.php&#8221; button_text=&#8221;Fiso.it&#8221; _builder_version=&#8221;4.4.3&#8243; custom_button=&#8221;on&#8221; button_text_color=&#8221;#ffffff&#8221; button_bg_color=&#8221;#82b440&#8243; background_layout=&#8221;dark&#8221; custom_css_main_element=&#8221;padding:12px 35px!important&#8221; button_text_size__hover_enabled=&#8221;off&#8221; button_one_text_size__hover_enabled=&#8221;off&#8221; button_two_text_size__hover_enabled=&#8221;off&#8221; button_text_color__hover_enabled=&#8221;off&#8221; button_one_text_color__hover_enabled=&#8221;off&#8221; button_two_text_color__hover_enabled=&#8221;off&#8221; button_border_width__hover_enabled=&#8221;off&#8221; button_one_border_width__hover_enabled=&#8221;off&#8221; button_two_border_width__hover_enabled=&#8221;off&#8221; button_border_color__hover_enabled=&#8221;off&#8221; button_one_border_color__hover_enabled=&#8221;off&#8221; button_two_border_color__hover_enabled=&#8221;off&#8221; button_border_radius__hover_enabled=&#8221;off&#8221; button_one_border_radius__hover_enabled=&#8221;off&#8221; button_two_border_radius__hover_enabled=&#8221;off&#8221; button_letter_spacing__hover_enabled=&#8221;off&#8221; button_one_letter_spacing__hover_enabled=&#8221;off&#8221; button_two_letter_spacing__hover_enabled=&#8221;off&#8221; button_bg_color__hover_enabled=&#8221;off&#8221; button_one_bg_color__hover_enabled=&#8221;off&#8221; button_two_bg_color__hover_enabled=&#8221;off&#8221;][\/et_pb_button][\/et_pb_column][\/et_pb_row][\/et_pb_section][et_pb_section fb_built=&#8221;1&#8243; module_id=&#8221;feedback&#8221; _builder_version=&#8221;3.10.1&#8243; background_color=&#8221;#82b440&#8243; global_module=&#8221;57&#8243; collapsed=&#8221;on&#8221;][et_pb_row column_structure=&#8221;1_4,1_4,1_4,1_4&#8243; _builder_version=&#8221;3.25&#8243; background_size=&#8221;initial&#8221; background_position=&#8221;top_left&#8221; background_repeat=&#8221;repeat&#8221; collapsed=&#8221;off&#8221;][et_pb_column type=&#8221;1_4&#8243; _builder_version=&#8221;3.25&#8243; custom_padding=&#8221;|||&#8221; custom_padding__hover=&#8221;|||&#8221;][et_pb_number_counter title=&#8221;TESSERATI&#8221; number=&#8221;31&#8243; percent_sign=&#8221;off&#8221; _builder_version=&#8221;4.4.3&#8243; title_font=&#8221;|||on|||||&#8221; title_font_size=&#8221;18&#8243; number_text_color=&#8221;#ffffff&#8221; number_font_size=&#8221;50&#8243; background_layout=&#8221;dark&#8221; link_option_url=&#8221;https:\/\/www.fiso.it\/societa\/0188\/2020&#8243; custom_css_after=&#8221;height: 60px;|| width: 4px;|| content: &#8221;;|| background: #abcd7f;|| position: absolute;|| right: 0;|| top: 20px;|| margin-right: -13%;&#8221;][\/et_pb_number_counter][\/et_pb_column][et_pb_column type=&#8221;1_4&#8243; _builder_version=&#8221;3.25&#8243; custom_padding=&#8221;|||&#8221; custom_padding__hover=&#8221;|||&#8221;][et_pb_number_counter title=&#8221;ANNI DI ATTIVITA'&#8221; number=&#8221;33&#8243; percent_sign=&#8221;off&#8221; _builder_version=&#8221;4.4.3&#8243; title_font=&#8221;|||on|||||&#8221; title_font_size=&#8221;18&#8243; number_text_color=&#8221;#ffffff&#8221; number_font_size=&#8221;50&#8243; background_layout=&#8221;dark&#8221; custom_css_after=&#8221;height: 60px;|| width: 4px;|| content: &#8221;;|| background: #abcd7f;|| position: absolute;|| right: 0;|| top: 20px;|| margin-right: -13%;&#8221;][\/et_pb_number_counter][\/et_pb_column][et_pb_column type=&#8221;1_4&#8243; _builder_version=&#8221;3.25&#8243; custom_padding=&#8221;|||&#8221; custom_padding__hover=&#8221;|||&#8221;][et_pb_number_counter title=&#8221;impianti cartografici REALIZZATI&#8221; number=&#8221;46&#8243; percent_sign=&#8221;off&#8221; _builder_version=&#8221;4.4.3&#8243; title_font=&#8221;|||on|||||&#8221; title_font_size=&#8221;18&#8243; number_text_color=&#8221;#ffffff&#8221; number_font_size=&#8221;50&#8243; background_layout=&#8221;dark&#8221; link_option_url=&#8221;https:\/\/www.google.com\/maps\/d\/viewer?mid=18qAtNIYDB6_MPeRi8-jDwguBBdU&#038;hl=en&#038;usp=sharing&#8221; custom_css_after=&#8221;height: 60px;|| width: 4px;|| content: &#8221;;|| background: #abcd7f;|| position: absolute;|| right: 0;|| top: 20px;|| margin-right: -13%;&#8221;][\/et_pb_number_counter][\/et_pb_column][et_pb_column type=&#8221;1_4&#8243; _builder_version=&#8221;3.25&#8243; custom_padding=&#8221;|||&#8221; custom_padding__hover=&#8221;|||&#8221;][et_pb_number_counter title=&#8221;GIOVANI&#8221; number=&#8221;16&#8243; percent_sign=&#8221;off&#8221; _builder_version=&#8221;4.4.3&#8243; title_font=&#8221;|||on|||||&#8221; title_font_size=&#8221;18&#8243; number_text_color=&#8221;#ffffff&#8221; number_font_size=&#8221;50&#8243; background_layout=&#8221;dark&#8221;][\/et_pb_number_counter][\/et_pb_column][\/et_pb_row][\/et_pb_section][et_pb_section fb_built=&#8221;1&#8243; _builder_version=&#8221;3.10.1&#8243; global_module=&#8221;52&#8243;][et_pb_row _builder_version=&#8221;3.25&#8243; background_size=&#8221;initial&#8221; background_position=&#8221;top_left&#8221; background_repeat=&#8221;repeat&#8221;][et_pb_column type=&#8221;4_4&#8243; _builder_version=&#8221;3.25&#8243; custom_padding=&#8221;|||&#8221; custom_padding__hover=&#8221;|||&#8221;][et_pb_text _builder_version=&#8221;3.27.4&#8243;]<\/p>\n<h2 class=\"baseline center\">I nostri tecnici<\/h2>\n<p>[\/et_pb_text][\/et_pb_column][\/et_pb_row][et_pb_row column_structure=&#8221;1_4,1_4,1_4,1_4&#8243; use_custom_gutter=&#8221;on&#8221; gutter_width=&#8221;2&#8243; _builder_version=&#8221;3.25&#8243;][et_pb_column type=&#8221;1_4&#8243; _builder_version=&#8221;3.25&#8243; custom_padding=&#8221;|||&#8221; custom_padding__hover=&#8221;|||&#8221;][et_pb_team_member name=&#8221;Andrea Gianotti&#8221; position=&#8221;FORMATORE, TRACCIATORE, UFFICIALE GARA&#8221; image_url=&#8221;https:\/\/nirvanaverde.it\/wp-content\/uploads\/2021\/01\/Andrea.jpg&#8221; _builder_version=&#8221;4.4.3&#8243; header_font=&#8221;|600|||||||&#8221; header_text_align=&#8221;center&#8221; header_font_size=&#8221;20&#8243; body_text_align=&#8221;center&#8221; text_orientation=&#8221;center&#8221; custom_css_title=&#8221;padding-bottom:0;&#8221; custom_css_member_position=&#8221;color:#82b340;||text-transform:uppercase;&#8221;][\/et_pb_team_member][\/et_pb_column][et_pb_column type=&#8221;1_4&#8243; _builder_version=&#8221;3.25&#8243; custom_padding=&#8221;|||&#8221; custom_padding__hover=&#8221;|||&#8221;][et_pb_team_member name=&#8221;Stefano Gottardi&#8221; position=&#8221;FORMATORE, TRACCIATORE&#8221; image_url=&#8221;https:\/\/nirvanaverde.it\/wp-content\/uploads\/2021\/01\/Stefano.jpg&#8221; _builder_version=&#8221;4.4.3&#8243; header_font=&#8221;|600|||||||&#8221; header_text_align=&#8221;center&#8221; header_font_size=&#8221;20&#8243; body_text_align=&#8221;center&#8221; text_orientation=&#8221;center&#8221; custom_css_title=&#8221;padding-bottom:0;&#8221; custom_css_member_position=&#8221;color:#82b340;||text-transform:uppercase;&#8221;][\/et_pb_team_member][\/et_pb_column][et_pb_column type=&#8221;1_4&#8243; _builder_version=&#8221;3.25&#8243; custom_padding=&#8221;|||&#8221; custom_padding__hover=&#8221;|||&#8221;][et_pb_team_member name=&#8221;Mario Ruggiero&#8221; position=&#8221;FORMATORE, TRACCIATORE, UFFICIALE GARA&#8221; image_url=&#8221;https:\/\/nirvanaverde.it\/wp-content\/uploads\/2021\/01\/Mario.jpg&#8221; _builder_version=&#8221;4.4.3&#8243; header_font=&#8221;|600|||||||&#8221; header_text_align=&#8221;center&#8221; header_font_size=&#8221;20&#8243; body_text_align=&#8221;center&#8221; text_orientation=&#8221;center&#8221; custom_padding=&#8221;||10px|||&#8221; custom_css_title=&#8221;padding-bottom:0;&#8221; custom_css_member_position=&#8221;color:#82b340;||text-transform:uppercase;&#8221;][\/et_pb_team_member][\/et_pb_column][et_pb_column type=&#8221;1_4&#8243; _builder_version=&#8221;3.25&#8243; custom_padding=&#8221;|||&#8221; custom_padding__hover=&#8221;|||&#8221;][et_pb_team_member name=&#8221;Maurizio Todeschini&#8221; position=&#8221;ALLENATORE, FORMATORE, TRACCIATORE&#8221; image_url=&#8221;https:\/\/nirvanaverde.it\/wp-content\/uploads\/2020\/03\/Maurizio-270&#215;317-1.jpg&#8221; _builder_version=&#8221;4.3.4&#8243; header_font=&#8221;|600|||||||&#8221; header_text_align=&#8221;center&#8221; header_font_size=&#8221;20&#8243; body_text_align=&#8221;center&#8221; text_orientation=&#8221;center&#8221; custom_css_title=&#8221;padding-bottom:0;&#8221; custom_css_member_position=&#8221;color:#82b340;||text-transform:uppercase;&#8221;][\/et_pb_team_member][\/et_pb_column][\/et_pb_row][\/et_pb_section][et_pb_section fb_built=&#8221;1&#8243; module_id=&#8221;testimonial-slider&#8221; _builder_version=&#8221;4.4.3&#8243; global_module=&#8221;56&#8243;][\/et_pb_section][et_pb_section fb_built=&#8221;1&#8243; module_id=&#8221;subscribe&#8221; _builder_version=&#8221;4.3.4&#8243; background_color=&#8221;#82b440&#8243; custom_padding=&#8221;40px||40px|&#8221; global_module=&#8221;55&#8243;][et_pb_row _builder_version=&#8221;4.4.3&#8243;][et_pb_column type=&#8221;4_4&#8243; _builder_version=&#8221;4.3.4&#8243;][\/et_pb_column][\/et_pb_row][\/et_pb_section]<\/p>\n","protected":false},"excerpt":{"rendered":"<p>Home \/ L&#8217;ORIENTEERING \/ IL CHIP ELETTRONICOIl chip elettronico \/ Si-cardPer gestire i tempi di gara della quasi totalit\u00e0 delle gare di orienteering, e anche dei Nirvana Raid, viene utilizzato un sistema elettronico che sfrutta la memoria di un microchip. Durante la gara infatti vengono registrati il tempo di partenza, il tempo finale e quelli [&hellip;]<\/p>\n","protected":false},"author":5,"featured_media":0,"parent":1223,"menu_order":0,"comment_status":"closed","ping_status":"closed","template":"","meta":{"_et_pb_use_builder":"on","_et_pb_old_content":"","_et_gb_content_width":"","footnotes":""},"class_list":["post-1269","page","type-page","status-publish","hentry"],"_links":{"self":[{"href":"https:\/\/nirvanaverde.it\/index.php?rest_route=\/wp\/v2\/pages\/1269","targetHints":{"allow":["GET"]}}],"collection":[{"href":"https:\/\/nirvanaverde.it\/index.php?rest_route=\/wp\/v2\/pages"}],"about":[{"href":"https:\/\/nirvanaverde.it\/index.php?rest_route=\/wp\/v2\/types\/page"}],"author":[{"embeddable":true,"href":"https:\/\/nirvanaverde.it\/index.php?rest_route=\/wp\/v2\/users\/5"}],"replies":[{"embeddable":true,"href":"https:\/\/nirvanaverde.it\/index.php?rest_route=%2Fwp%2Fv2%2Fcomments&post=1269"}],"version-history":[{"count":9,"href":"https:\/\/nirvanaverde.it\/index.php?rest_route=\/wp\/v2\/pages\/1269\/revisions"}],"predecessor-version":[{"id":1299,"href":"https:\/\/nirvanaverde.it\/index.php?rest_route=\/wp\/v2\/pages\/1269\/revisions\/1299"}],"up":[{"embeddable":true,"href":"https:\/\/nirvanaverde.it\/index.php?rest_route=\/wp\/v2\/pages\/1223"}],"wp:attachment":[{"href":"https:\/\/nirvanaverde.it\/index.php?rest_route=%2Fwp%2Fv2%2Fmedia&parent=1269"}],"curies":[{"name":"wp","href":"https:\/\/api.w.org\/{rel}","templated":true}]}}